4114. Suppose 0 = -2*b + 2*g - 16, 5*g - 6 - 18 = b. Let h be b/(-6) - (-61)/3. Calculate the greatest common factor of h and a.
7
Let n(s) be the second derivative of -s**3/6 + 4*s**2 + 8*s. Let t be n(-6). Calculate the greatest common factor of 7 and t.
7
Suppose -2206 = 4*d - 6526. Calculate the greatest common factor of d and 6.
6
Suppose -417 = -3*o - 5*a, 711 = 5*o - a + 4*a. Let h be (-97)/(-6) + 5/(-30). Calculate the highest common factor of h and o.
16
Let h = -10 - -14. Let a be 6/(-3) - (-1 - 4). Suppose -24 = -a*t + t. What is the highest common divisor of h and t?
4
Suppose 2*j - 49 = -3*o - 3, 0 = -2*j + 10. Let a(x) = -x**2 + 11*x + 2. Let g be a(10). Calculate the greatest common divisor of g and o.
12
Suppose -17*y - 3*o = -21*y + 54, 0 = -3*y - 2*o + 49. Calculate the highest common factor of 75 and y.
15
Let j(l) = 0*l**2 + 5*l**3 - 3*l**2 - 3*l**2 + 3*l**2. Let k be j(2). Calculate the greatest common factor of k and 4.
4
Suppose -8*s = 3*j - 6*s - 23, 4*j + s - 39 = 0. What is the greatest common factor of 121 and j?
11
Suppose 2 = k - 3. Suppose q + 5 = 5*n, -q - 65 = -6*q - k*n. Calculate the highest common divisor of 30 and q.
10
Let v = 286 - 160. Calculate the highest common divisor of v and 70.
14
Suppose 5*x + 2*v = x + 72, 0 = -2*x + 3*v + 44. Let b be 0*(-5)/5 - 5*-19. Calculate the greatest common factor of b and x.
19
Let t(o) = o**3 - 8*o**2 + 51*o + 10. Let r be t(5). Let k be (-1058)/(-14) - 3/(-7). Calculate the highest common factor of r and k.
38
Suppose 659 = 28*p - 1245. What is the highest common factor of p and 918?
34
Let x be (-5)/((-5)/38)*-2. Let c = x + 145. Suppose -b = p + 4*p - 120, -p + 3*b + 8 = 0. Calculate the highest common factor of c and p.
23
Suppose -r = 3*u - u + 11, -5*r - 35 = 5*u. Let d(f) = f**3 + 4*f**2 + f + 8. Let v be d(u). What is the greatest common divisor of v and 8?
4
Let c(z) = 4*z + 64. Let n be c(-10). Calculate the greatest common divisor of 408 and n.
24
Let w = -54 + 58. Suppose -i = -w*i + 72. What is the highest common factor of 216 and i?
24
Suppose -384 - 76 = -23*p. What is the greatest common divisor of 50 and p?
10
Let k be 10/(-4)*(8 - (-890)/(-25)). Calculate the highest common divisor of 184 and k.
23
Suppose 5*x - 27 = -3*o + 6*o, -o = 2*x - 2. Let i(p) = 55*p + 6. Let c be i(x). Let s = 48 - 29. Calculate the highest common divisor of c and s.
19
Let g be (-1371)/(-21) + 2/(-7). Let r = 29 - 26. Let u be (4 - (r + 2)) + 14. Calculate the greatest common factor of g and u.
13
Let y be 169/12 + (-29)/348. Calculate the greatest common divisor of 602 and y.
14
Suppose 6*m - 11 = -3*r + 4*m, m = -3*r + 16. Let h(n) = n**2 + 6*n. Let g be h(-7). Calculate the highest common factor of r and g.
7
Let q(a) = -5*a + 1. Let v be q(2). Let r be (-220)/8*(1 + v). Calculate the highest common factor of r and 20.
20
Let y be 14/49 + 0 + 19/7. Let r be ((-1)/3)/((-2)/108*y). What is the highest common factor of 18 and r?
6
Let g(f) = 308*f + 72. Let b be g(4). Calculate the greatest common divisor of 8 and b.
8
Let w(n) = n**2 - 3*n - 26. Let m be w(-7). What is the highest common divisor of 143 and m?
11
Suppose -n = -33 + 29. Suppose -4*z - 2*t + 96 = 3*t, -56 = -n*z + 5*t. Calculate the greatest common factor of 171 and z.
19
Suppose -3*b = -5*o - 462, 4*o = 4*b - 247 - 361. Suppose 2*k - 157 + b = 0. What is the highest common factor of 2 and k?
2
Suppose -25*n + 377 = -748. Calculate the highest common factor of n and 1665.
45
Let s = 564 + -499. What is the greatest common divisor of s and 520?
65
Let f(j) = -3*j**3 - 4*j**2 - 7*j + 5. Let c be f(-6). What is the highest common divisor of 57 and c?
19
Suppose 2*n + h + 2 = 0, 5*h + 2 = -2*n + 8. Let u = -5 + n. Let d = 19 + u. Calculate the highest common divisor of d and 132.
12
Suppose 3*j - 11 = 2*j. Suppose o - j = -t, -2*t - 20 = -3*o - 7. Let f = 11 + -4. What is the greatest common divisor of f and o?
7
Let f(l) = -l**3 - 7*l**2 + l + 23. Let a be f(-7). What is the greatest common factor of a and 48?
16
Let z(u) = -u**2 - 71*u - 55. Let i be z(-25). What is the highest common divisor of 73 and i?
73
Let z(i) = -i**3 - 2*i**2 - 5*i + 32. Let c be z(0). Calculate the highest common divisor of 6 and c.
2
Suppose 0 = 101*o - 103*o + 66. Let w = 38 - 27. Calculate the greatest common factor of w and o.
11
Suppose 0 = -3*a + x + 32, 5*a = 4*a + 5*x + 20. Let r(t) = -t**3 + 3*t**2 + 10*t + 58. Let j be r(6). What is the highest common divisor of j and a?
10
Suppose -2*s = -2*m - 756, -s + 3*m = 223 - 609. Let p = -39 - -73. Calculate the highest common divisor of s and p.
34
Let p = 4729 - 3001. Calculate the highest common divisor of p and 108.
108
Let g(j) = -2*j + 0 + 4*j**2 - 1 - 3*j**2. Let q be g(3). Let c be 1/(q/6) + 13. Calculate the highest common factor of c and 128.
16
Suppose 3*p + 0*p - 510 = 0. Suppose 65 = 7*i - 26. Let s = 4 + i. What is the greatest common divisor of p and s?
17
Let f be (-10 + 18)*25/10. Calculate the highest common divisor of 4 and f.
4
Let p be ((-68)/10)/(43/(-1720)). Calculate the highest common divisor of 17 and p.
17
Let j be 13/2 + 10/(-20). Suppose j*d - 5*d - 17 = 0. Calculate the greatest common factor of 119 and d.
17
Suppose -6*v = -3*v - 372. Let k(g) = -66*g - 35. Let b be k(-1). What is the highest common factor of b and v?
31
Suppose -28 = 3*u - 7*u. Let m be (-2)/(4/3 - 2). Suppose -4*v + 3*s + 56 = 0, m*v - 42 = s - 2*s. Calculate the greatest common factor of v and u.
7
Suppose -8 = 4*y - 92. Suppose 0 = l + 1 - y. Let b be (10/4)/(l/360). Calculate the greatest common factor of 18 and b.
9
Let l be (15/(-2))/(-5) + 447/6. Calculate the greatest common divisor of l and 4.
4
Suppose 210*j - 105*j - 117*j + 2304 = 0. Suppose -f - 20 = -6*f. Suppose 5*m = n + f*m - 33, -2*n = 5*m - 59. What is the greatest common divisor of n and j?
32
Let n be ((-35)/21)/(3/(-90)). Calculate the greatest common divisor of 30 and n.
10
Suppose 20*p + 0 = 1440. What is the highest common factor of 54 and p?
18
Let x(c) = 3 + 2*c + c + 5*c. Let r be 2 + 4*3/6. Let w be x(r). What is the highest common factor of 14 and w?
7
Let m be (3/2)/((-72)/(-10224)). What is the greatest common factor of m and 71?
71
Let b = -4 + -6. Let v be (-11)/(-22) - b/4. Suppose -43 = -v*y + 8. Calculate the highest common factor of y and 68.
17
Suppose -b - 35 = -0*b. Let y = b + 48. Calculate the highest common factor of y and 65.
13
Let a(h) = 10*h + 8. Let u be a(0). Suppose u*i - 1421 = -261. Calculate the greatest common divisor of i and 29.
29
Let j = 32 + -12. Calculate the highest common factor of j and 160.
20
Suppose 4*h - 5*d = 610, 7*d - 6*d = -h + 157. Calculate the greatest common divisor of 5 and h.
5
Suppose 0 = -0*a + 2*a + 4. Let q be (62 + a)/((-6)/(-8)). What is the highest common divisor of q and 20?
20
Let q(f) = -2*f - 2. Let w be q(-3). Suppose w*l - y = -2*y + 56, -3*l = 5*y - 59. Let r be l/(-3)*-3*7. Calculate the greatest common divisor of 13 and r.
13
Suppose 0 = -56*z + 1806 + 378. Let h(g) = 20*g**2 - 2*g. Let o be h(4). What is the greatest common divisor of o and z?
39
Let h = -905 + 933. Calculate the greatest common divisor of h and 462.
14
Suppose 1076 = 3*k - 8*z + 3*z, 3*z + 12 = 0. What is the greatest common factor of k and 44?
44
Let j = -108 - -116. Let t(g) be the second derivative of -5*g**3/6 - 3*g**2/2 + 3*g. Let l be t(-3). What is the highest common factor of l and j?
4
Let v(a) = a**3 + 28*a**2 - 30*a - 14. Let q(t) = -10*t + 51. Let n be q(8). Let p be v(n). Calculate the highest common factor of 135 and p.
15
Suppose 2*o + 4*u + 2 = 0, 8*o = 4*o + 4*u - 4. Let d be ((-575)/100)/(o - (-3)/4). Calculate the highest common factor of d and 207.
23
Let l(z) = 3*z + 6. Let b be l(-2). Suppose 4*y = -q - 18, 0 = -5*q - b*y + 3*y + 25. Calculate the highest common divisor of 1 and q.
1
Let y = -95 + 260. What is the greatest common factor of 55 and y?
55
Let j be (36096/(-423))/(2/(-6)). Suppose 2*k - 46 = 18. What is the greatest common factor of j and k?
32
Suppose 249*z - 232*z = 1530. What is the greatest common factor of 330 and z?
30
Let r = 685 + -575. What is the greatest common divisor of 170 and r?
10
Suppose 0 = -16*o + 3518 + 1858. What is